ime?
True
Let x(u) = 5*u - 122. Let h be x(25). Is (23116/(-8))/(h/12*-2) a prime number?
True
Suppose -2*z = -4*x + 38, 20*x = -3*z + 16*x - 37. Is (-15145)/z - (-6)/(-9) a composite number?
False
Suppose 137*b - 1744410 = 134*b - 3*p, -3*b + 1744413 = 2*p. Is b a prime number?
True
Suppose -3*w + 2 = -3*d - 16, 2*d = -4*w. Suppose -4*o = -5*l - 23 - 33, -w*l = 2*o - 46. Is o composite?
False
Suppose m + 2*l = 12241, -10474 - 38420 = -4*m + 2*l. Is m a composite number?
False
Let b = -78 - -84. Let p(x) = 14*x + 10. Is p(b) a composite number?
True
Suppose 0 = -4*y + 4*u + 443100, 5*u = y - 76003 - 34788. Is y a composite number?
False
Suppose 226*i + 2203299 = 210*i + 7868371. Is i composite?
True
Let s = -191 + 191. Suppose -5*m - 7366 = -2*c, s = 5*m - m. Is c prime?
False
Let b = 768 + 173. Let v = b + -102. Is v composite?
False
Suppose 0 = -4*d + 3*y + 75140, 2*d - 2*y + 4925 = 42497. Is d prime?
False
Suppose -4*n + 184680 = -4*m, 3*n - 109615 - 28903 = -5*m. Is n a prime number?
True
Let t(h) = -2*h**3 - 18*h**2 + 14*h + 52. Let a be t(-10). Is (a - 110)/(-1*4/(-11630)) composite?
True
Suppose 0 = -3*i + 8*i + 35. Let h(w) = 9 + 8*w**2 - 437757*w**3 + 1 + 437756*w**3. Is h(i) a prime number?
False
Suppose -387800 = 3*n + 17*n. Let h = 32181 + n. Is h a prime number?
True
Let g(s) = 5*s**3 - s - 2. Let x be g(-1). Let p be -25*(-8)/(-20)*x. Suppose 7*h - 11*h = -p. Is h composite?
True
Let j = 196 + -193. Suppose 5*i + 7945 = b + 9*i, j*i - 9 = 0. Is b a prime number?
True
Let g(t) = 17*t - 176. Let q be g(10). Is (2 + 25343 - 0/5) + q a composite number?
False
Let t be (0 + (-9000)/(-9))/((-3)/3). Is 80/t - 296854/(-50) a prime number?
False
Let z(c) = 6*c**2 - 14*c - 96. Let n be z(-27). Suppose 4*k = 20*k - n. Is k composite?
True
Let f be (-764)/(-6)*-9 + 5. Is f/(-3)*(-18)/(-6) a composite number?
True
Suppose 4*d + 12 = 5*f - 24, -3*d - 4 = 2*f. Suppose c + 2*g = 3749, -5*g = -4*c - f*g + 14996. Is c a prime number?
False
Let k(f) = -443*f**2 - f + 13. Let c be k(3). Let s = -2442 - c. Is s a composite number?
True
Suppose -7*h + 20*h - 234 = 0. Suppose -20*l + 5006 = -h*l. Is l composite?
False
Suppose -14*t = -79*t + 4635605. Is t a prime number?
True
Suppose 3*m - 17*m = -361060. Suppose -17*t = -7*t - m. Is t a prime number?
True
Let a(w) = w + 12. Let z be a(-9). Let c be 1 + 0 - 9/z. Is 1149 + -7 + (c - 1)/3 prime?
False
Let i be (-4)/(-1 + 0 + 2) - -6443. Let r = -3668 + i. Is r composite?
True
Let f(u) = 153*u + 1 + 37*u - 23*u. Let l = -482 - -485. Is f(l) a composite number?
True
Let v = 68 - 68. Suppose v = 11*j - 9*j. Suppose j = -f + 2*f - 1255. Is f a prime number?
False
Let o(x) be the first derivative of -39*x**4/2 + 5*x**3/3 + 4*x**2 - 7*x - 40. Is o(-4) composite?
True
Is -2 + (-306)/(-17) - -547 composite?
False
Let c be 770/(-65) + -2 + (-120)/(-65). Is (3 + (-2418)/c)*(0 - -2) prime?
True
Let k = 1 + 3. Suppose -k*p - 3366 = -7*p. Let i = p + -448. Is i prime?
False
Let w(d) be the second derivative of 5*d**4/12 + 2*d**3/3 + 11*d**2 - 43*d. Is w(-5) a prime number?
True
Let d = 109 + -109. Suppose -5*w + 4*n + 63134 - 16463 = 0, d = -5*w - 5*n + 46680. Is w prime?
False
Suppose 10124352 + 42515823 = -28*q + 133*q. Is q a composite number?
True
Let m be (1 + (-4 - 1))*6/4. Let j be (5 - (-40)/(-6))*m. Suppose -5*n - 10900 = -3*a, -4*n + 10909 = j*a - 7*a. Is a a prime number?
False
Let t(o) = o**3 - 13*o**2 + o + 1. Let c be t(13). Suppose -c*v = -9*v - 10. Is 3833/((v - (-4)/(-1)) + 3) prime?
True
Let d be 4 - (3 + -61) - -4. Suppose -71*w + 7715 = -d*w. Is w prime?
True
Suppose y + 4*u = -16, 0 = u + 15 - 11. Suppose 5*m - 1062 - 3763 = y. Is m prime?
False
Let q(y) = -4*y - 1. Let r be q(-4). Suppose -4*h + 9 = -r. Suppose 0 = 2*s - h*s + 2164. Is s a composite number?
False
Suppose -3*f = 2*f - 10. Let y be (-513)/((-1 - (-27)/30)*f). Let d = 5287 - y. Is d composite?
True
Let w(a) = -22*a + 10. Let z be w(-10). Let u = z + 343. Suppose -4*k + 2*f + 2286 = -0*f, -k + 2*f = -u. Is k a composite number?
False
Suppose -41*c + 39*c = -10. Suppose 0 = 2*a - c*u - 1102, 58*u = 2*a + 59*u - 1078. Is a a composite number?
False
Is (-2247488)/(-40) + 10 - 2/10 a composite number?
False
Let d = 1042147 + -545864. Is d a prime number?
True
Suppose -167527 - 405714 = -37*d. Is d a prime number?
True
Let r(b) = 197*b**2 - 49 + 41 + 11*b - 194*b**2. Suppose c + 15 = -2*c, 3*a - 7 = 5*c. Is r(a) a prime number?
False
Suppose -6*l + 89142 = 3*p, 3*l - 44571 = -8*p + 3*p. Is l a prime number?
False
Let l be ((-18)/7)/(1/(-21)). Let c be 2*((-31)/(-18) + (-12)/l). Suppose 2*h = -2*q + 3396, c*q + q - 2*h - 6762 = 0. Is q prime?
True
Let i = 274834 - -275103. Is i a prime number?
True
Let a be ((-2)/3)/((-6)/27). Suppose -5*w = -a*u - 30, -7 = 3*u + 8. Suppose 2*p = -w*l + 6537, -5*l = -2*l - 3*p - 6537. Is l composite?
False
Is 1681802 - ((-3 - -6) + -11 - (-2 - 1)) a prime number?
True
Is 1972834/30 + (128/1440 - 6/27) a composite number?
False
Suppose -5*k - 5*y = -160, -5*k + 14 = -2*y - 111. Suppose -k + 17 = 5*s. Is 1315 + s/(-4)*-4*1 a prime number?
False
Let j(a) = -8573*a + 7990. Is j(-9) composite?
False
Let b(l) = 127*l**2 - 4*l - 8. Let r = -45 + 46. Let k = r + 4. Is b(k) composite?
True
Let f(d) = d**2 + 769. Let p = 29 - 29. Let x be f(p). Let s = x - -402. Is s a composite number?
False
Let r = -697 - -1217. Suppose -3*h + r - 139 = 0. Is h a composite number?
False
Let x(n) be the first derivative of -34 - 2*n + 7/2*n**2 + 1/3*n**3 + 5/4*n**4. Is x(4) a prime number?
False
Suppose -p + 4*p - 20895 = 0. Suppose 4*a = 5*s - 13, -3*a - 54*s - 11 = -58*s. Suppose -2804 = -3*v + a*o + 1399, -5*o + p = 5*v. Is v a composite number?
True
Let a = 2841 + -1720. Let z = 2338 - a. Is z composite?
False
Let h(p) = 124*p - 31. Let k be h(17). Let r = 3156 - k. Is r a composite number?
True
Suppose 0*o - 5*b + 245 = o, -2*o = 3*b - 511. Suppose -18*z = -1216 - o. Is z a composite number?
True
Suppose i = -3*z + 687715, -4*i + 3*i = -6*z - 687787. Is i composite?
True
Let c be (-2)/(-3) - (-8)/(-180)*15. Suppose c = -11*v + 36*v - 10025. Is v a composite number?
False
Let w be 1/(((-48)/(-1988))/(-4))*3. Let y = 2548 + w. Is y composite?
True
Suppose 39*c + 56*c = -64*c + 22194651. Is c prime?
True
Let k(j) = -49*j - 33. Let d be k(-17). Let c = d + -217. Is c composite?
True
Is 1/((-6554992)/1286502 + 5 + 4/42) composite?
False
Let u(w) = -w**3 + 13*w**2 + 2*w + 160. Let p be u(14). Is 3*6139 + p/(-12)*3 a composite number?
True
Suppose 0 = 411*x - 417*x + 17052. Let s = x + -1149. Is s composite?
False
Suppose 33*r + 67*r - 15578600 = 0. Is r a composite number?
True
Suppose 2*n = -8, -t + 2*n + 16544 = -4325. Is t composite?
True
Let v(j) = -148*j**3 + 2*j**2 + 3*j - 3. Suppose 9 = -4*a + 2*a + m, 5*m - 21 = 4*a. Is v(a) composite?
True
Let c = -8639 + 20788. Suppose 4*p - c = 3*p. Is p prime?
True
Is 8/124 + (-2624)/1271 - 12918/(-2) a composite number?
True
Is -10 + (-8 - -11) + (-2 - -11) + 52805 a prime number?
True
Let g be (-10 - -16)*(-188)/6. Is -1 + 3 + 7395 - g/(-47) a composite number?
False
Let u(j) = 6*j**3 + 2*j**2 + 6*j + 2. Let n be u(-4). Let x = -120 + -3. Let s = x - n. Is s a prime number?
True
Suppose -4*a - 883474 + 237964 = -10*p, a = -5*p + 322770. Is p a composite number?
False
Is -8 - ((-98509956)/108 + 6/27) a composite number?
True
Let k = -144 + 139. Let h(s) = 301*s**2 + s - 3. Is h(k) a prime number?
True
Let m(u) = -6*u**2 - 3*u + 13. Let j be m(-16). Let z = j + 2077. Suppose -8*d = -414 - z. Is d a prime number?
True
Let j = 198300 - 91307. Is j composite?
False
Let w be (1 - (7 + -30))*(-746)/6. Is 3/(2/w*-6) prime?
False
Suppose 4*t + 55 = -a, -3*t + t - 115 = 3*a. Is (-48)/14 + 3 - 47650/a composite?
False
Let p(w) = -14*w**3 + 7*w**2 - 29*w - 13. Let a be p(10). Let v = a - -29934. Is v prime?
False
Suppose -7*z - 155366 + 158104 + 466465 = 0. Is z a prime number?
False
Let i = 17 - 10. Let j be (i - 6) + 5*17. Let v = j - -963. Is v composite?
False
Suppose -2*r + 5*r + 27*r - 1428870 = 0. Is r prime?
True
Let y(x) = 6 + 3 + 2344*x + 821*x + 10. Is y(6) a prime number?
True
Let n = 44 + -40. Suppose -j - n*s + 1087 = 0, -4*j - 3*s = -1614 - 2669. Is j composite?
True
Let g(u) 